ommon divisor of 8 and j?
8
Suppose -3*m + 82 = -2*o, 0 = m - 5*m + o + 101. Let v(i) = 28*i - 1964. Let b be v(75). Calculate the greatest common divisor of m and b.
8
Suppose 0 = 4*n + 2*v - 3022 + 274, n - 4*v = 660. Calculate the greatest common divisor of n and 72.
36
Let n = 10401 - 10311. What is the highest common divisor of 10 and n?
10
Let o(p) = -p**2 - 201*p - 9853. Let v be o(-88). What is the greatest common factor of 3406 and v?
13
Let p(w) = 6*w**3 + 7*w**2 - 11*w + 9. Let c(s) = s**3 + 3*s**2 - s. Let u(a) = -4*c(a) + p(a). Let d be u(6). What is the greatest common divisor of d and 292?
73
Suppose 702 = -233*t + 9789. What is the greatest common divisor of t and 3029?
13
Suppose 14*m = -53*m + 3752. Calculate the highest common factor of 126 and m.
14
Suppose -34 = -2*o - 3*z, -2*o + 4*z = 74 - 136. What is the highest common factor of 8119 and o?
23
Let o(c) = -42 + 268 - 11*c - 35. Let z be o(17). Calculate the highest common factor of z and 4.
4
Let i = 3794 - 1714. What is the greatest common divisor of 160 and i?
160
Suppose 3 = 4*p + 2*f - 9, -4*f = -2*p - 4. Suppose 6*h + 24 = p*l + 9*h, 5*h - 20 = -2*l. What is the greatest common divisor of 240 and l?
15
Suppose 4*r = -2*q + 244, -3*r - 113 = -q - 1. What is the greatest common divisor of q and 3186?
118
Let g be 1046/50 - 136/(-1700). Calculate the highest common divisor of g and 2835.
21
Suppose c - 65*h = -69*h + 4419, 0 = -3*c - 3*h + 13212. What is the highest common factor of c and 166?
83
Let h be ((-6)/3)/(1/(-7)). Let v = 10 + 25. What is the greatest common divisor of v and h?
7
Let s(i) = 8*i + 281. Let k be s(-34). Suppose -q = 4*o - 1006, 2*q + 0*q = -4*o + 1004. What is the highest common divisor of o and k?
9
Let s be ((-64)/(-3))/((60/(-18))/10). Let n be (s/(-40))/(4/(-10)) - -10. Suppose 62 = 3*q + 8. What is the highest common factor of n and q?
6
Let m be (98/21)/((30/(-105))/(144/(-21))). Let w(j) = -2 - 3 + 27*j + 6. Let o be w(1). Calculate the highest common factor of m and o.
28
Suppose -3 = -3*w + 3*g, -g + 8 = w + 3. Let j be w/((-2)/12 - (-42)/90). Calculate the greatest common divisor of j and 310.
10
Let s be 4/((-48)/(-1626)) - 1/(-2). What is the greatest common divisor of 782 and s?
34
Let l(b) = b**2 + 7*b + 30. Let p be l(-7). Let o be (12/p)/(3/420 + 0). Calculate the greatest common factor of o and 28.
28
Let o(i) = 155*i - 1470. Let j be o(10). What is the highest common factor of 1580 and j?
20
Suppose 457*m - 199*m - 114048 = -270*m. Calculate the highest common divisor of m and 549.
9
Suppose -q = 2*x - 195, -15*x - 4*q = -10*x - 486. Suppose -10*g + 122 = -x. What is the greatest common divisor of g and 418?
22
Suppose 5*m - 1 = 13*m - 561. What is the greatest common divisor of 170 and m?
10
Let o be -2 - -4 - (2 - 104). Let b(v) = v**2 - 8*v + 13. Let z be ((-4)/10)/(48/(-60))*0. Let w be b(z). Calculate the greatest common divisor of w and o.
13
Let y(a) = -40 + a**2 - 4*a + 78 - 26. Let s be y(7). Let c be (66/(-12))/((-1)/2). Calculate the greatest common divisor of c and s.
11
Let x(m) = m**2 - 40*m - 96. Let u(q) = -2*q**2 + 38*q + 97. Let z(n) = -4*u(n) - 5*x(n). Let p be z(-2). What is the highest common factor of 664 and p?
8
Let q(f) = f**3 + 7*f**2 - 6*f - 25. Let h be q(-7). Suppose -854 = -2*n + 2*w, -n - w - 2*w + 419 = 0. Calculate the greatest common factor of h and n.
17
Suppose -95*v + 59*v + 1069686 = 106*v. What is the greatest common divisor of 31 and v?
31
Let y(m) = -22*m + 47. Let c be y(2). Suppose -5*l + 5*f = -180, 2*f = c*l + 35 - 140. What is the highest common divisor of 77 and l?
11
Suppose -4*b = -4*n + 128, -21*n = -18*n - 4*b - 93. Calculate the highest common divisor of 21980 and n.
35
Suppose -7*u - 114 = -331. Let a be (4/1)/(-4) - -342. What is the highest common factor of u and a?
31
Let l be 13266/(-30) - (-4)/20. Let o = 589 + l. Calculate the greatest common divisor of 168 and o.
21
Suppose v = 2*a + 590, 2*v + 49*a - 46*a - 1152 = 0. Calculate the highest common divisor of 96 and v.
6
Let d be ((-3)/(-6))/((-12)/(-16))*14769. What is the highest common divisor of 9 and d?
9
Suppose 4*m + m = -m. Suppose m*t + 192 = 3*t. What is the highest common divisor of t and 8?
8
Suppose -3*g = -7*g + 64. Suppose 5*f - 5*q = 175, 0 = f - 3*q - 19 - g. What is the greatest common divisor of 28 and f?
7
Let y = -4505 - -4616. What is the greatest common divisor of y and 15?
3
Suppose -3*s = -5*o - 1 + 1706, -4*s = -3*o + 1012. Calculate the greatest common divisor of 2494 and o.
86
Let j = 45 - -199. Let h = j + -156. What is the highest common divisor of h and 16?
8
Let o be (1/5)/((-11)/(-8 - 2247)). What is the highest common divisor of 9389 and o?
41
Suppose 0 = 4*t + 20*t - 432. Suppose 2*u + t*u - 160 = 0. What is the greatest common factor of u and 20?
4
Let f(q) = q**2 - 8*q - 27. Let z be f(-5). Suppose r + 26 = z. Let n be 4/3 + (-4)/r. What is the greatest common factor of n and 24?
1
Suppose -4*v - v - 65 = 0. Let z = v - -58. Let l = 85 - 80. Calculate the greatest common factor of l and z.
5
Let g = -13843 - -13867. Calculate the highest common divisor of g and 588.
12
Let j be (-30 - -58)/(1/2). Suppose -70 - j = -2*u. Let m be 4/(-2)*18/(-4). Calculate the greatest common divisor of u and m.
9
Suppose -3*l - 5*h = 283, 0*l - 85 = l - 3*h. Let u = l + 203. Let p = u + -105. What is the highest common factor of 1 and p?
1
Let w = -147 + 183. Let b be (-8 - -1)*(33 - w). Calculate the greatest common factor of 6 and b.
3
Suppose l = -34*i + 33*i + 891, 5*i - 2*l - 4406 = 0. Calculate the greatest common divisor of i and 676.
52
Let r(d) = 4*d**3 + 12*d**2 - d + 286. Let j be r(13). What is the highest common factor of j and 13?
13
Suppose 4665 = 4*l - 3*c, l + 3*c = -2*c + 1195. Let q be 6 - ((-7)/(28/8) - 2). What is the greatest common divisor of l and q?
10
Suppose 5*a - 5591 = -531. What is the highest common factor of 44 and a?
44
Let i = 206 + -176. Let t(f) = f**2 + 7*f - 5. Let r be t(-7). Let d be (-360)/(-44) - (i/(-33))/r. Calculate the greatest common factor of 128 and d.
8
Let a(g) = -g**3 - 4*g**2 + 6*g - 6. Let k be a(-6). Let z = 12652 - 12592. What is the highest common factor of k and z?
30
Suppose -639 = -4*p + 3*n, 5*n - 825 = 276*p - 281*p. What is the highest common factor of p and 198?
18
Suppose -4*l - 400 = -2*g, 4*l = -2 - 14. Suppose -10*c + 338 = -g. What is the greatest common factor of 1007 and c?
53
Let y = 446 - 445. Let n be y/3*(-8100)/(-54). What is the highest common divisor of n and 2?
2
Let t(k) = 3*k**2 + 8*k + 9. Let x be t(-6). Let h = 256 - 253. Let g be h - (-43)/(-1 + 2). What is the greatest common divisor of x and g?
23
Suppose -3463 - 3496 = -74*y + 3623. Let i be 2 - (3 - -97)/(-2). Calculate the highest common divisor of i and y.
13
Let w = 3980 + -3967. What is the highest common divisor of 9165 and w?
13
Suppose -214590 = -126*d + 298734. What is the highest common divisor of 84 and d?
42
Let n(r) = -r**2 - 6 - 48*r + 17 - 98 + 11*r. Let o be n(-13). What is the highest common factor of 27 and o?
9
Suppose -3*a + 5*a = 80. Suppose 2*k - 4*k - a = 0. Let g be (2/(-4)*k)/1. Calculate the greatest common factor of g and 10.
10
Suppose 0 = -3*m - k + 14, -2*k = -2*m + k - 9. Suppose 2*h = -m*o + 36, 3*h + o - 65 = 2*o. Let p = 22 - h. Calculate the greatest common factor of 4 and p.
1
Suppose 155*d - 158*d + 7221 = 5*u, 5*d = -5*u + 12005. Calculate the highest common divisor of 91 and d.
13
Suppose -180830 = -7752*h + 7742*h. Calculate the highest common divisor of 169 and h.
169
Suppose -247*m + 5046 = -218*m. Calculate the greatest common divisor of m and 1160.
58
Suppose -3*k + 4*k - 84 = 0. Let v(o) = -5*o**3 - 19*o**2 - 21*o - 3. Let c be v(-3). Calculate the highest common divisor of c and k.
12
Let r be (45/(-10))/(11 + (-7721)/700). Calculate the highest common divisor of 3510 and r.
30
Let u(z) = 376*z - 320. Let s be u(1). Calculate the greatest common divisor of 364 and s.
28
Let n be (-1 - -2)/((6/88)/(-3)). Let c be -1 + (-11)/(n/24). Suppose -3*v + 4 = -c. What is the highest common factor of 33 and v?
3
Suppose 3 = -2*o + 3*o. Let k be (2 + 79)/(o/3). Let c(s) = s**3 + 5*s**2 - 42*s - 156. Let x be c(-5). Calculate t